ed by 66?
62
What is the remainder when 2096 is divided by 212?
188
What is the remainder when 125577 is divided by 156?
153
Calculate the remainder when 3233 is divided by 3113.
120
What is the remainder when 2290 is divided by 67?
12
What is the remainder when 27142 is divided by 17?
10
Calculate the remainder when 3157 is divided by 3146.
11
What is the remainder when 2999 is divided by 174?
41
Calculate the remainder when 84808 is divided by 257.
255
Calculate the remainder when 161 is divided by 148.
13
What is the remainder when 32076 is divided by 918?
864
What is the remainder when 2031341 is divided by 498?
497
Calculate the remainder when 17915 is divided by 17491.
424
Calculate the remainder when 4679 is divided by 662.
45
Calculate the remainder when 24136 is divided by 3009.
64
What is the remainder when 1283 is divided by 49?
9
What is the remainder when 448500 is divided by 49833?
3
Calculate the remainder when 33475 is divided by 38.
35
Calculate the remainder when 10176 is divided by 2522.
88
What is the remainder when 3601133 is divided by 176?
173
What is the remainder when 1753 is divided by 215?
33
What is the remainder when 8067 is divided by 2682?
21
Calculate the remainder when 17425 is divided by 3484.
5
What is the remainder when 3942 is divided by 491?
14
What is the remainder when 10592 is divided by 11?
10
What is the remainder when 5519 is divided by 10?
9
What is the remainder when 45350 is divided by 93?
59
What is the remainder when 16358 is divided by 2?
0
Calculate the remainder when 86149 is divided by 22.
19
What is the remainder when 4056 is divided by 33?
30
What is the remainder when 2935 is divided by 707?
107
Calculate the remainder when 549141 is divided by 99.
87
Calculate the remainder when 36679 is divided by 9167.
11
Calculate the remainder when 3974 is divided by 1390.
1194
Calculate the remainder when 901883 is divided by 300624.
11
What is the remainder when 66914 is divided by 274?
58
What is the remainder when 2360 is divided by 511?
316
Calculate the remainder when 5011 is divided by 1249.
15
What is the remainder when 166619 is divided by 6?
5
What is the remainder when 905495 is divided by 232?
231
What is the remainder when 3097 is divided by 427?
108
What is the remainder when 6049 is divided by 372?
97
Calculate the remainder when 10303 is divided by 3288.
439
Calculate the remainder when 17857 is divided by 5950.
7
What is the remainder when 132563 is divided by 84?
11
What is the remainder when 13548 is divided by 174?
150
What is the remainder when 62426 is divided by 359?
319
What is the remainder when 680729 is divided by 387?
383
What is the remainder when 158 is divided by 149?
9
Calculate the remainder when 332989 is divided by 70.
69
Calculate the remainder when 4492 is divided by 42.
40
What is the remainder when 6966 is divided by 926?
484
What is the remainder when 3436 is divided by 1705?
26
Calculate the remainder when 1820323 is divided by 39.
37
Calculate the remainder when 29597 is divided by 676.
529
Calculate the remainder when 5814 is divided by 343.
326
Calculate the remainder when 27758 is divided by 591.
572
What is the remainder when 202370 is divided by 67456?
2
Calculate the remainder when 112499 is divided by 96.
83
What is the remainder when 2261 is divided by 252?
245
Calculate the remainder when 3938 is divided by 3835.
103
Calculate the remainder when 81 is divided by 77.
4
Calculate the remainder when 1140453 is divided by 285112.
5
Calculate the remainder when 6041 is divided by 289.
261
What is the remainder when 16201 is divided by 2314?
3
What is the remainder when 234203 is divided by 58550?
3
What is the remainder when 1452628 is divided by 23?
17
Calculate the remainder when 29012 is divided by 2.
0
Calculate the remainder when 704498 is divided by 62.
54
What is the remainder when 6020 is divided by 2004?
8
Calculate the remainder when 269934 is divided by 183.
9
What is the remainder when 4733 is divided by 105?
8
What is the remainder when 35814 is divided by 11910?
84
Calculate the remainder when 7848 is divided by 12.
0
What is the remainder when 1276 is divided by 393?
97
Calculate the remainder when 27710 is divided by 93.
89
What is the remainder when 349543 is divided by 12946?
1
Calculate the remainder when 72437 is divided by 60.
17
What is the remainder when 134998 is divided by 50?
48
Calculate the remainder when 141525 is divided by 8.
5
What is the remainder when 4519 is divided by 411?
409
Calculate the remainder when 127209 is divided by 7.
5
Calculate the remainder when 488 is divided by 164.
160
Calculate the remainder when 555335 is divided by 185109.
8
Calculate the remainder when 8462 is divided by 101.
79
Calculate the remainder when 6238 is divided by 52.
50
Calculate the remainder when 25911 is divided by 20.
11
What is the remainder when 44602 is divided by 8?
2
Calculate the remainder when 310349 is divided by 42.
11
Calculate the remainder when 48639 is divided by 2316.
3
Calculate the remainder when 28914 is divided by 1032.
18
What is the remainder when 364109 is divided by 265?
264
What is the remainder when 76446 is divided by 22?
18
What is the remainder when 192871 is divided by 64245?
136
Calculate the remainder when 9487 is divided by 3106.
169
Calculate the remainder when 269209 is divided by 37.
34
What is the remainder when 115865 is divided by 39?
35
Calculate the remainder when 36396 is divided by 727.
46
What is the remainder when 45003 is divided by 98?
21
What is the remainder when 47763 is divided by 116?
87
What is the remainder when 27493 is divided by 709?
551
What is the remainder when 263 is divided by 241?
22
What is the remainder when 11619 is divided by 25?
19
Calculate the remainder when 19132845 is divided by 16.
13
Calculate the remainder when 14251 is divided by 54.
49
Calculate the remainder when 2510 is divided by 2503.
7
What is the remainder when 13859 is divided by 12?
11
Calculate the remainder when 29470 is divided by 814.
166
Calculate the remainder when 7195 is divided by 25.
20
Calculate the remainder when 1422671 is divided by 11.
8
What is the remainder when 27132 is divided by 61?
48
Calculate the remainder when 14755 is divided by 4913.
16
Calculate the remainder when 7160 is divided by 112.
104
Calculate the remainder when 17875 is divided by 100.
75
What is the remainder when 8460 is divided by 2760?
180
Calculate the remainder when 2139 is divided by 100.
39
What is the remainder when 481 is divided by 203?
75
What is the remainder when 3208 is divided by 45?
13
What is the remainder when 47678 is divided by 7944?
14
What is the remainder when 6808 is divided by 6794?
14
Calculate the remainder when 1210380 is divided by 153.
150
What is the remainder when 248462 is divided by 293?
291
Calculate the remainder when 1267 is divided by 209.
13
Calculate the remainder when 219 is divided by 59.
42
What is the remainder when 757084 is divided by 35?
34
What is the remainder when 11367 is divided by 520?
447
Calculate the remainder when 343 is divided by 29.
24
Calculate the remainder when 6060 is divided by 3018.
24
What is the remainder when 499397 is divided by 220?
217
What is the remainder when 3154 is divided by 44?
30
What is the remainder when 5680 is divided by 700?
80
What is the remainder when 178497 is divided by 846?
837
Calculate the remainder when 10092 is divided by 144.
12
What is the remainder when 910936 is divided by 18?
10
What is the remainder when 12687 is divided by 49?
45
What is the remainder when 6395 is divided by 2107?
74
What is the remainder when 10571 is divided by 22?
11
Calculate the remainder when 453859 is divided by 238.
231
What is the remainder when 17470 is divided by 78?
76
Calculate the remainder when 532307 is divided by 11829.
2
Calculate the remainder when 65623 is divided by 581.
551
What is the remainder when 34216 is divided by 22?
6
What is the remainder when 3081 is divided by 1533?
15
Calculate the remainder when 1916 is divided by 40.
36
Calculate the remainder when 2686 is divided by 242.
24
Calculate the remainder when 1249464 is divided by 19.
5
What is the remainder when 47732 is divided by 1767?
23
Calculate the remainde